e the prime factors of 131615933?
47, 2800339
What are the prime factors of 988754194?
2, 73, 2281, 2969
List the prime factors of 64296377.
2887, 22271
What are the prime factors of 162012894?
2, 3, 41, 658589
List the prime factors of 495642476.
2, 7, 223, 79379
List the prime factors of 91834485.
3, 5, 2287, 2677
List the prime factors of 2294150091.
3, 269, 2842813
List the prime factors of 18344933.
37, 101, 4909
What are the prime factors of 2683808699?
11, 13, 18767893
List the prime factors of 362784632.
2, 7, 19, 67, 727
What are the prime factors of 25294632?
2, 3, 11, 95813
List the prime factors of 166393105.
5, 33278621
What are the prime factors of 4768273895?
5, 7, 11, 3001, 4127
List the prime factors of 97875.
3, 5, 29
List the prime factors of 4245194215.
5, 849038843
List the prime factors of 3145536954.
2, 3, 7, 31, 805309
What are the prime factors of 3929284883?
269, 14607007
What are the prime factors of 5518466532?
2, 3, 153290737
What are the prime factors of 3450077413?
3450077413
List the prime factors of 711915619.
23, 107, 443, 653
List the prime factors of 40479203.
191, 211933
What are the prime factors of 13203228?
2, 3, 37, 131, 227
What are the prime factors of 258016559?
4273, 60383
List the prime factors of 52388081.
61, 858821
What are the prime factors of 63169275?
3, 5, 13, 67, 967
What are the prime factors of 69652123?
53, 1314191
What are the prime factors of 183468797?
183468797
List the prime factors of 77090378.
2, 1129, 34141
What are the prime factors of 7510120398?
2, 3, 11, 4229, 8969
List the prime factors of 301705573.
13, 61, 380461
List the prime factors of 88726673.
7, 43, 294773
What are the prime factors of 503126883?
3, 7, 17, 127, 137
List the prime factors of 57596760.
2, 3, 5, 13, 31, 397
List the prime factors of 1182996098.
2, 73, 8102713
What are the prime factors of 32657555?
5, 7, 933073
List the prime factors of 76909469.
7, 13, 120737
What are the prime factors of 7474298?
2, 13, 103, 2791
What are the prime factors of 137330585?
5, 7, 23, 24371
List the prime factors of 57087986.
2, 47, 607319
List the prime factors of 241934287.
7, 34562041
List the prime factors of 159429567.
3, 11, 1229, 3931
What are the prime factors of 1499867384?
2, 47, 3989009
List the prime factors of 71355972.
2, 3, 2213, 2687
What are the prime factors of 222196135?
5, 7, 906923
What are the prime factors of 1078802089?
1123, 960643
What are the prime factors of 281124957?
3, 31, 3022849
List the prime factors of 106523058.
2, 3, 1091, 16273
List the prime factors of 1111266890.
2, 5, 61, 1821749
What are the prime factors of 7088941935?
3, 5, 3919, 13399
List the prime factors of 689760007.
101, 347, 19681
What are the prime factors of 2227257110?
2, 5, 13, 1871, 9157
What are the prime factors of 1087092463?
29, 1453, 25799
What are the prime factors of 3433117960?
2, 5, 59, 1454711
What are the prime factors of 20467688?
2, 31, 82531
List the prime factors of 134651035.
5, 97, 313, 887
List the prime factors of 32956601.
103, 319967
List the prime factors of 4845686815.
5, 59, 197, 199, 419
What are the prime factors of 533781277?
37, 373, 38677
List the prime factors of 3320670354.
2, 3, 103, 5373253
What are the prime factors of 255859683?
3, 85286561
List the prime factors of 55244764.
2, 17, 773, 1051
List the prime factors of 29464686.
2, 3, 1636927
What are the prime factors of 4191066728?
2, 523883341
What are the prime factors of 5498199820?
2, 5, 274909991
What are the prime factors of 33416152?
2, 7, 11, 17, 3191
What are the prime factors of 259916937?
3, 7, 29, 14717
What are the prime factors of 152840437?
409, 373693
What are the prime factors of 7206312?
2, 3, 283, 1061
List the prime factors of 480125591.
11, 43647781
What are the prime factors of 51452350?
2, 5, 211, 4877
List the prime factors of 499105737.
3, 13, 17, 19, 47, 281
What are the prime factors of 385363997?
385363997
What are the prime factors of 165889319?
165889319
List the prime factors of 87191305.
5, 17438261
List the prime factors of 27820648.
2, 3477581
List the prime factors of 1257304624.
2, 78581539
What are the prime factors of 167600674?
2, 97, 863921
What are the prime factors of 44888235?
3, 5, 7, 41, 10427
List the prime factors of 414109854.
2, 3, 7668701
What are the prime factors of 361895908?
2, 11, 2687, 3061
What are the prime factors of 34388256?
2, 3, 7, 73, 701
List the prime factors of 30987025.
5, 1239481
What are the prime factors of 156821147?
7, 22403021
What are the prime factors of 33537265?
5, 97, 69149
List the prime factors of 299839037.
31, 1319, 7333
List the prime factors of 388044689.
18127, 21407
List the prime factors of 1312662.
2, 3, 13, 16829
List the prime factors of 830238038.
2, 7, 23, 107, 24097
What are the prime factors of 17889249?
3, 7, 53, 16073
List the prime factors of 250751098.
2, 13, 9644273
What are the prime factors of 560424353?
560424353
What are the prime factors of 70487719?
29, 2430611
List the prime factors of 717298759.
717298759
What are the prime factors of 434504566?
2, 47, 4622389
What are the prime factors of 15635661?
3, 409, 12743
List the prime factors of 813194031.
3, 13, 17, 94349
What are the prime factors of 1676699963?
1676699963
What are the prime factors of 1362125745?
3, 5, 67, 451783
What are the prime factors of 4932600?
2, 3, 5, 8221
What are the prime factors of 3962804472?
2, 3, 11, 523, 1063
What are the prime factors of 246021147?
3, 211, 129553
List the prime factors of 48694939.
48694939
List the prime factors of 124225111.
124225111
List the prime factors of 4498353671.
7, 642621953
List the prime factors of 2140441153.
4759, 449767
List the prime factors of 2473321394.
2, 1847, 669551
What are the prime factors of 997845629?
11, 19, 883, 5407
What are the prime factors of 2531356533?
3, 1987, 141551
List the prime factors of 63344941.
11, 17, 139, 2437
What are the prime factors of 250987788?
2, 3, 911, 2551
List the prime factors of 28700964.
2, 3, 17, 23, 2039
What are the prime factors of 206505822?
2, 3, 23, 97, 15427
What are the prime factors of 2249826883?
31723, 70921
List the prime factors of 1602410113.
7639, 209767
List the prime factors of 342324615.
3, 5, 19, 53, 131, 173
List the prime factors of 992334969.
3, 83, 49201
List the prime factors of 131406463.
131406463
What are the prime factors of 18690236?
2, 953, 4903
What are the prime factors of 81843393?
3, 19, 75571
What are the prime factors of 62022476?
2, 71, 218389
What are the prime factors of 1840235483?
39569, 46507
What are the prime factors of 109100561?
89, 1225849
List the prime factors of 1625401186.
2, 11587, 70139
What are the prime factors of 2385400?
2, 5, 11927
List the prime factors of 2535907830.
2, 3, 5, 84530261
List the prime factors of 543478705.
5, 7, 11, 29, 48677
List the prime factors of 119573557.
733, 163129
What are the prime factors of 2926757474?
2, 109, 3019, 4447
What are the prime factors of 64666369?
64666369
List the prime factors of 23836873.
17, 1402169
What are the prime factors of 854512458?
2, 3, 31, 59, 77867
What are the prime factors of 256628274?
2, 3, 7, 101, 60497
What are the prime factors of 14615370?
2, 3, 5, 7, 11, 19, 37
List the prime factors of 1216209.
3, 19, 1123
List the prime factors of 148702043.
7, 17, 827, 1511
List the prime factors of 1317511457.
1317511457
List the prime factors of 766820471.
766820471
What are the prime factors of 2226192871?
7, 137, 2321369
What are the prime factors of 442126214?
2, 221063107
What are the prime factors of 1696377521?
17, 1559, 64007
List the prime factors of 132501032.
2, 16562629
What are the prime factors of 42309671?
42309671
What are the prime factors of 855910882?
2, 263, 881, 1847
What are the prime factors of 323452724?
2, 7, 197, 8377
What are the prime factors of 170309007?
3, 11, 593, 967
List the prime factors of 1020078000.
2, 3, 5, 56671
List the prime factors of 528959231.
31, 17063201
What are the prime factors of 38365532?
2, 17, 433, 1303
What are the prime factors of 49433532?
2, 3, 23, 179107
List the prime factors of 1206693704.
2, 61, 1013, 2441
What are the prime factors of 46042949?
3049, 15101
What are the prime factors of 15045